 + 5, 0*v - 38 = -v - u. Let a(n) = 13*n**3 - 2*n**2 + 5*n - 4. Let d = -96 + 99. Let b be a(d). What is the highest common divisor of v and b?
43
Let k(u) = -2*u**2 + 9*u + 19. Let h be k(13). Let z = 208 + h. What is the highest common divisor of 4 and z?
2
Let p = -1084 - -1120. Calculate the greatest common factor of 1332 and p.
36
Suppose 9*i - 7*i - 162 = -2*t, 3*i - 2*t - 263 = 0. Let y = -98 + 49. Let g = i + y. Calculate the greatest common divisor of 18 and g.
18
Let o(b) = 255*b**2 - 2*b - 22*b**2 - 2 - 16*b**2 + b. Let q be o(-1). What is the greatest common divisor of 27 and q?
27
Let r be 43/2 - ((-4365)/2790 + (-2)/(-31)). Calculate the greatest common factor of 2047 and r.
23
Let n = -247 + 249. Suppose -41 = -13*i - n. What is the greatest common divisor of i and 78?
3
Suppose -28 + 8 = 4*u, o + 4*u + 20 = 0. Suppose 4*s - 702 - 54 = o. Calculate the greatest common divisor of s and 21.
21
Suppose -4*p = 2*m - 69 - 31, -4*p + 134 = 19*m. Calculate the highest common factor of p and 30672.
24
Let o be 1533/8 - (516/(-32))/43. What is the highest common divisor of o and 90?
6
Let t = -24226 - -24259. Calculate the greatest common factor of 253 and t.
11
Let g = -51 + 51. Suppose 3*k + 2*w = 96, -5*k - 2*w + 133 + 23 = g. Let n = -22 + k. What is the highest common divisor of 24 and n?
8
Let c be 2/(-6) - (-4 - 1456/(-24)). Let b = c + 69. Let z be 142/4 + 2/4. What is the greatest common divisor of b and z?
12
Let s be -6*(-3)/12*(-318)/(-9). Suppose -s*i + 52*i + 138 = v, -v + 126 = -5*i. Calculate the greatest common divisor of 32 and v.
8
Suppose 0 = 2*i + 5*j - 26, 5*i + 5*j - 8*j - 34 = 0. Suppose -i = 3*g + 22. Let c be (64/(-20))/(2/g*1). Calculate the greatest common factor of c and 16.
16
Let x(u) = u**2 - 11*u + 13. Let j be x(10). Suppose -148 = 5*w + j*p, p + p + 2 = 0. Let m = w - -38. Calculate the highest common divisor of m and 18.
9
Let u = 10894 - 10748. Calculate the highest common factor of 3650 and u.
146
Suppose -n - a - 65 = 0, -5*n + 114 = 4*a + 438. Let y = 100 + n. Let z be y/9 - -1*81. Calculate the highest common factor of 34 and z.
17
Suppose 3465 - 984 = 8*b - g, -3 = 3*g. Calculate the highest common factor of 14 and b.
2
Let r(x) = 33*x**2 + 820*x - 572. Let a be r(-26). Let z(j) = 5*j**3 - 3*j**2 + j + 2. Let o be z(2). Calculate the highest common factor of a and o.
32
Let u(s) = -23*s + 7*s**2 - 11*s**2 + s**2 + s**2 + 37. Let n be u(-12). What is the greatest common factor of n and 45?
5
Let x be (-59)/59 - 3*-2. Suppose -4*m + 9*m = x*v + 90, -10 = -5*v. What is the greatest common factor of m and 290?
10
Let m be (-25 + 27)*(2130/4)/3. Calculate the greatest common factor of 20 and m.
5
Let i = 311 + -308. Let q be i + (-4 - -3 - -6) + 1. What is the highest common factor of q and 3?
3
Suppose -39*p - 1479 + 1220 = -4783. What is the greatest common factor of 68 and p?
4
Let y(q) = 3*q**2 - 92*q - 7. Let r be y(31). Let p(l) = 14*l**2 - 3*l + 3. Let x be p(3). What is the highest common divisor of r and x?
24
Suppose 10 = -2*c + 7*c. Suppose -19*y - 74 = -22*y + 2*n, c*n = -y + 38. Calculate the greatest common divisor of 119 and y.
7
Let o(w) = 10*w - 45. Let d be o(6). Let u be 48/d*30/4. Suppose -2*s = 0, 2*c + 3*c = s + 1320. What is the highest common divisor of u and c?
24
Let r(k) = 5*k**3 - 2*k**2 + k. Let o = -4 - -5. Let c be r(o). Suppose -7 = -4*w - h, -2*w - h = -c*w + 11. Calculate the highest common divisor of 9 and w.
3
Suppose 78932 - 32996 = 1276*a. Suppose -2*m = -6*m + 64. What is the greatest common factor of m and a?
4
Suppose 2*k + 3*k - 110 = 5*c, 42 = 2*k - 3*c. Let a be ((-36)/(-12) + -11)*-2. Calculate the highest common factor of a and k.
8
Let j(x) = -4*x**2 - 78*x + 30. Let l be j(-19). Calculate the greatest common divisor of l and 1734.
34
Let j(w) = 4*w**2 + 16*w + 9. Suppose 5*x = 5*v - 15, -5*v = -5*x - 2*v - 17. Let r be j(x). Calculate the greatest common divisor of r and 1503.
9
Suppose -4*j + i + 60887 - 11453 = 0, j + 4*i - 12384 = 0. What is the highest common divisor of 120 and j?
120
Let l = 41 + -39. Let a(z) = 3*z**3 + 3*z**2 - 1. Let g be a(l). Let v be 1400/(-105)*(42/(-4) + 0). What is the greatest common divisor of v and g?
35
Suppose -5*w + v - 125 = 0, 51 = -2*w + 5*v - 22. Let r be (-2)/w + 17 + (-65170)/(-168). What is the highest common factor of 324 and r?
81
Suppose -12584 = 3*t - 75*t - 71*t. Suppose -3*n + 79 = -5*w, -3*n + 0*w + 107 = 2*w. What is the highest common divisor of n and t?
11
Let o(y) = -y**3 + 9*y**2 - 19*y + 32. Let n be o(7). Let f be (-221)/n - 106/159. What is the highest common divisor of 657 and f?
73
Let k = 4595 + -4543. Calculate the highest common divisor of k and 299.
13
Let p = -226 - -325. Suppose 0 = -25*b + 111*b - 1892. What is the greatest common divisor of b and p?
11
Suppose 50 + 70 = p. Suppose 16 = h - 4*q, 4*h + 0*h + q - 30 = 0. Suppose -98 = -3*r - h. Calculate the greatest common divisor of p and r.
30
Suppose 10*r = 47*r - 5328. What is the highest common factor of r and 128?
16
Let s be 5*(10 - (-4914)/105). What is the greatest common divisor of s and 10082?
142
Let y(o) be the first derivative of -49*o**2/2 + 93*o - 137. Let r be y(-5). Calculate the greatest common factor of r and 130.
26
Suppose 0 = 87*u + 64*u + 18280 - 54973. Let y be 2 - 1*(1 + -2). Let d = y + 6. Calculate the highest common divisor of d and u.
9
Let t(n) = 2*n - 12. Let b be t(14). Suppose -h + 437 = -2*z + 1495, 4*h - b = 0. What is the greatest common divisor of z and 59?
59
Let s(w) = -w**2 - 156*w - 855. Let v be s(-6). Calculate the highest common divisor of 3 and v.
3
Let j = -16433 - -16436. What is the greatest common factor of j and 5331?
3
Let l = -37 + 40. Suppose -5*v = 2*c + 677, l*v + 2*c = v - 266. Let b be ((-3)/6)/(-3 - v/46). What is the greatest common divisor of 46 and b?
23
Let g be (2 + -4)/(4/(-34)). Suppose -n + v = 3*v - 121, -638 = -5*n + v. Let d = n - 76. Calculate the greatest common factor of g and d.
17
Let n = -1059 - -1083. Calculate the highest common factor of 324 and n.
12
Let o = 0 - -6. Let q be ((-72)/42 - 0)*(595/(-14) + 4). Calculate the greatest common divisor of o and q.
6
Let r(t) = -4*t**2 + 6*t**2 + 10*t**2 + 2*t + 2*t. Let i be r(3). Suppose 0 = -4*b - 20, -4*d + 76 = 8*b - 4*b. What is the greatest common factor of d and i?
24
Suppose -56*h + 247842 = -7*h. Calculate the highest common divisor of 6 and h.
6
Suppose -5*p + 3*w - 4*w + 1167 = 0, 3*w = 2*p - 460. Suppose -3*i + p = -313. What is the greatest common divisor of i and 14?
14
Let r be ((-12)/(-8))/(12/(-80)). Let t be 1/(r/(-3644)) - 154/385. What is the greatest common divisor of 28 and t?
28
Let g = -29 - -63. Let y = -3373 - -4734. Let f = y - 1055. Calculate the highest common factor of f and g.
34
Suppose -1358 + 1362 = f. Suppose -3*r = f*d - 141, -3*r + 3*d = 24 - 144. Calculate the greatest common factor of r and 473.
43
Let f = 1432 - 1263. What is the greatest common factor of 9 and f?
1
Let s = 2 - 2. Let h be ((-36)/10)/(2*(-4)/240). Suppose s = -5*f + 92 + h. What is the greatest common factor of 5 and f?
5
Let s = 201 - 189. What is the highest common factor of 51 and s?
3
Let i be (-13151)/(-5) + 1 + 3/(75/20). Calculate the highest common factor of i and 952.
56
Let g be (8 + -11)/((30/8)/(-5)). Suppose 4*x + g*t - 216 = 0, 0 = -4*x - 3*t + 152 + 65. Calculate the highest common divisor of x and 44.
11
Suppose -4*w = 5*s - 2100, 528 = w - 4*s + 6*s. Calculate the greatest common divisor of 3016 and w.
104
Suppose 0 = 49*k - 4288 - 1053. What is the highest common factor of k and 654?
109
Suppose 4*l - 13 = 4 + 7. Let h be (-1)/4 + 409/4. What is the greatest common divisor of h and l?
6
Suppose 0 = 172*v + 1771 - 17251. Calculate the highest common factor of v and 1146.
6
Let q be (-92)/6*-4*(-24)/4. Let u = -236 - q. Let v = 48 - 37. Calculate the highest common factor of u and v.
11
Let w = -69 - -71. Let y(j) = -j**3 - 11*j**2 + j + 11. Let m be y(-11). Suppose m = -w*z + 216 + 30. Calculate the highest common divisor of 41 and z.
41
Let u(o) = -2*o - 2. Let r be u(-4). Suppose -15*z + 40608 = 126*z + 3*z. What is the highest common factor of r and z?
6
Let w be (10 - 1) + (-23 - 8793/(-